tors of (-4056)/(-14) - b/(-21)?
2, 5, 29
Let o = 20 + -57. Let w = o - -72. What are the prime factors of w?
5, 7
Let j(m) = 25*m**2 + m + 5. What are the prime factors of j(-2)?
103
Suppose 0 = 3*o + 2*m - 663, -5*o + 4*m - 231 = -6*o. Suppose -234 = 217*w - o*w. What are the prime factors of w?
3, 13
Let q(z) = 2666*z**3 - 3*z**2 + 16*z - 15. List the prime factors of q(1).
2, 3, 37
Let z = -4656 - -7555. What are the prime factors of z?
13, 223
Let a(l) = -3*l - 3. Let d be a(-2). List the prime factors of (-1)/(d*5/(-1470)).
2, 7
Let s be ((-6)/9)/((-2)/6). Let f(r) = -4*r**2 + 5*r**s + r**2 - 2*r - 7. List the prime factors of f(-4).
3, 11
Let u be (52/(-4))/(7/21). Let h = u + 110. What are the prime factors of h?
71
Let m be 2/6 + 52/(-12). Let y be m/5 - (-417)/15. Let z = y - -22. List the prime factors of z.
7
Suppose -647 = -274*z + 273*z. List the prime factors of z.
647
Let r(u) = -u**3 + 40*u**2 + 59*u + 67. List the prime factors of r(40).
3, 809
Suppose -5*y - 947 = -3*r, -5*y + 1222 = 3*r + 225. Suppose r = -41*k + 45*k. What are the prime factors of k?
3
Suppose -33*h + 1284 = -31*h. List the prime factors of h.
2, 3, 107
Let t(f) = 90*f + 334. List the prime factors of t(31).
2, 11, 71
Let d be (-1)/2 + 5/(-2). What are the prime factors of d - 153*1/(-1)?
2, 3, 5
Suppose 6 = 6*p - 4*p. Suppose -p*q = -3*a + a + 19, -a + q = -9. List the prime factors of a.
2
Suppose -8*o + 6*o = 0, -4*s - 3*o = -704. List the prime factors of s.
2, 11
Suppose 5914 = 26*d - 81602. What are the prime factors of d?
2, 3, 11, 17
Let o(c) = -542*c + 15. List the prime factors of o(-5).
5, 109
Suppose -4*s - 17 + 56 = 3*q, 2*q - 27 = -3*s. What are the prime factors of 6/q + 0 + 253/3?
5, 17
Let t be 0/(-1 - 2) + 7. What are the prime factors of 209/t + 13/91?
2, 3, 5
Let w(i) = i + 8. Let h be w(-6). Let g(t) = 5*t + h*t**3 + 7*t**2 - 3*t**3 + 2*t**3 + t + 5. What are the prime factors of g(-6)?
5
List the prime factors of (-317 - (7 + -6))/(-2).
3, 53
Let t = 233 - 443. Let d be t/40 + (-1)/(-4). What are the prime factors of -5 - -2 - d - -21?
23
Let i = 156 + 439. What are the prime factors of i?
5, 7, 17
Suppose 0 = g + j + 11, g + 0*j + 10 = -2*j. Let i(m) = m**3 + 11*m**2 - 14*m + 6. List the prime factors of i(g).
2, 3, 5
Let v be (-51)/(-21) - 24/(-42). Suppose -v*t + 2*o = -11, -2*t - t + o = -10. Suppose 0 = -4*i + t*i - 5*x + 43, -5*i + 119 = x. List the prime factors of i.
23
Let f(l) = 2*l - 9. Let m be f(-6). Let u = m - -21. What are the prime factors of 0 + 92/(u - -4)?
23
Suppose -3*w + 5*t = 4*t - 157, 2*w - 103 = t. What are the prime factors of w?
2, 3
Let v(r) = -2*r**3 + r**2 + 2*r. Let g be v(-2). Suppose 4*o - 2*m = -3*m + 46, 2*m = 4*o - 52. Let q = g - o. What are the prime factors of q?
2
Suppose a - 48 = -3*a. What are the prime factors of 2 + 164*a/8?
2, 31
Let p be ((-3)/5 + 1)*25. List the prime factors of (6/p)/((-4)/(-60)).
3
Suppose k = 2*p + 1251, -5*k - 5*p + 5073 = -1212. List the prime factors of k.
5, 251
Let g(n) = -15*n**3 + 5*n**2 - 19*n + 3. List the prime factors of g(-4).
3, 373
Let w = -120 - -791. What are the prime factors of w?
11, 61
Let a = -1963 - -4016. List the prime factors of a.
2053
Let p be 53 - 3/(-6)*0. Let t be 11*(-2 + 1 - 0). Let h = p + t. List the prime factors of h.
2, 3, 7
Let r be (-2)/(-9) + (-4040)/(-45). Suppose k - r = 3*b, -3*k + 8*k - 2*b - 476 = 0. List the prime factors of k.
2, 3
Suppose v + m = -573 + 1428, -v + 3*m + 867 = 0. What are the prime factors of v?
2, 3, 11, 13
Let h = 83 + 63. What are the prime factors of h?
2, 73
Let b(g) = g + 2. Let j be b(-2). Suppose j = -4*k - 3*x + 44 - 13, -4*x = 12. What are the prime factors of (-2624)/(-40) + 4/k?
2, 3, 11
Let r = 111 + 48. Let s = r + -60. What are the prime factors of s?
3, 11
Suppose -2*a + 1007 + 1272 = -5*f, 2*a + 5*f - 2229 = 0. List the prime factors of a.
7, 23
Suppose 0*h = 6*h - 750. Suppose 5*g - s - 261 = h, -5*g = -4*s - 389. What are the prime factors of g?
7, 11
Let a be (9/6)/(5 + (-889)/182). Suppose 4 = -4*y - 3*h, 0 = -3*y - 0*h - 3*h - 6. Suppose -y*q - 3*g = -59, q + 5*g = 27 + a. What are the prime factors of q?
5
Suppose -4*f = 5*u - 731 - 279, f = -4*u + 797. Suppose d + l = 151, 5*d - 2*l = 522 + u. List the prime factors of d.
2, 73
Let q(p) = p**3 - 16*p**2 + 16*p + 34. List the prime factors of q(15).
7
Let b be -3*4*(-1)/(-2). List the prime factors of (-217)/b + (-11)/66.
2, 3
Let v(i) be the second derivative of -i**4/12 - 8*i**3/3 + i**2 + 4*i. Let n be v(-16). What are the prime factors of 40 - 1/(n/(-8))?
2, 11
Let t(b) = -5*b - 3. Let h be t(-1). List the prime factors of (2/h)/(5/65).
13
Let r be ((-10)/(-35))/((-1)/(-14)). Suppose -r*g = -11 - 321. List the prime factors of g.
83
Let m(h) = -h**3 - 7*h**2 - 7*h + 3. Let i be m(-6). Suppose i*k - 595 = -136. What are the prime factors of k?
3, 17
Let n(c) = c**2 - 46*c + 334. What are the prime factors of n(39)?
61
Let h = 13 + -12. List the prime factors of (102/8)/h + 10/40.
13
Let v be (-34)/16 - (-6)/48. Let c be 11/22 - 1707/v. What are the prime factors of (-2)/6 - c/(-42)?
2, 5
Suppose 20 = -4*m, 37*m - 32*m = -4*h + 799. What are the prime factors of h?
2, 103
Let a = -5781 + 8855. List the prime factors of a.
2, 29, 53
Suppose -7*h = -3*h. Suppose -v + 5*v - 136 = h. Suppose 0 = l - 5*w - v, 3*w - 34 = -l + 4*w. List the prime factors of l.
2, 17
Let k = 11 - -49. Suppose -t + k = 11*t. List the prime factors of t.
5
List the prime factors of (-68)/(-68)*(-2722)/(-2).
1361
Suppose -j - 3*d = -441, -3*d - 892 = -2*j + d. List the prime factors of j.
2, 3, 37
Suppose -w + 895 - 268 = 0. What are the prime factors of w?
3, 11, 19
Suppose -4*z + 46 = -106. Suppose 8*n - z = 34. List the prime factors of n.
3
Suppose 29*g - 26*g = 114. Let a = 34 - 48. Let l = a + g. List the prime factors of l.
2, 3
Let s(q) = q**2 - 3*q - 28. What are the prime factors of s(-42)?
2, 7, 19
Suppose -4*s = -5*p + 16, 2*s + 2 - 4 = 0. Suppose 139 - p = a. What are the prime factors of a?
3, 5
Let n = -875 + 1915. List the prime factors of n.
2, 5, 13
Let b be 20*(46/(-8))/(5/(-10)). Let w = 323 - b. What are the prime factors of w?
3, 31
Let d(x) = 85*x**2 + 8*x + 6. What are the prime factors of d(5)?
13, 167
Let a be (-2)/(4/(-11))*-2. Let w(j) = -2*j - 6. Let f be w(a). Let m = f - -2. List the prime factors of m.
2, 3
Let t(x) = -2*x**2 - 5*x - 7. Let u be t(-2). Let o(j) = 2*j**2 - 7*j - 2. What are the prime factors of o(u)?
83
Let g = -2309 + 3286. List the prime factors of g.
977
Suppose -6*b - 3*b = -1386. List the prime factors of b.
2, 7, 11
Let r = 489 - 237. Let u = r + -120. What are the prime factors of u?
2, 3, 11
Let x be (8 + -6 + -11)/(6/28). List the prime factors of (460/6)/((-28)/x).
5, 23
Suppose -1750*f + 1745*f = -7040. What are the prime factors of f?
2, 11
Let l = -32 - -28. Let f(j) = -3*j**3 - 4*j**2 + 7*j + 3. What are the prime factors of f(l)?
103
Let h(v) = 18*v**2 + 42*v - 25. List the prime factors of h(-7).
563
Suppose m + 75 = q, -2*m - 153 = -2*q + m. Suppose -q = -s - 6. List the prime factors of s.
2, 3, 11
What are the prime factors of (1 - 4)*(129743/(-69) + -4)?
5653
Let q(m) = -m**3 - 14*m**2 - 26. Suppose 2*n - 5 = -35. What are the prime factors of q(n)?
199
Suppose 0 = -d + 12*d - 20229. List the prime factors of d.
3, 613
Let q = 44 - 46. What are the prime factors of 381*(-5)/(-15) + q?
5
List the prime factors of (53 - 19)/((-1)/(-19)).
2, 17, 19
List the prime factors of 1353 - (-3 + 45/9).
7, 193
Let j = 10 + -5. Suppose -148 = -3*v + 4*b, -253 = -j*v + 4*b - 17. What are the prime factors of v?
2, 11
Let i(l) = -4*l - 9. Let z be i(-3). Suppose 0 = v + v, z*v - 20 = -2*m. What are the prime factors of m?
2, 5
List the prime factors of (-31)/(3 + (-64)/20).
5, 31
Let r(s) = 7*s + 9*s - 1 + 4. Let o be r(4). Let i = o - 36. What are the prime factors of i?
31
Let m(l) = -3*l. Let f be m(2). Let t be (-12)/7*21/f. List the prime factors of 4/t + 52/3.
2, 3
Suppose -r = 3*i - 43, -r - 44 + 3 = -3*i. Let n = i + 34. List the prime factors of n.
2, 3
Suppose 5*b - 65 + 15 = 0. Suppose -5*l + b = -115. What are the prime factors of l?
5
List the prime factors of 3709 + (-30)/(-6 + 1) + 6.
6